t w(t) = 25 - 11*t + 4 - 3 - 28 + 5*t. Let r(c) = -c**2 + 16*c + 3*c**3 - 16*c. Let s be r(1). Give w(s).
-14
Let c(u) be the second derivative of -u**4/12 + u**3/6 + 14*u**2 + 23*u. Let x = -87 + 87. Determine c(x).
28
Suppose -14 - 4 = -2*a. Suppose -5*u + 11 + a = 0, -l = 4*u - 15. Let v(p) be the first derivative of -3*p**4/2 + p**3/3 - p**2/2 - p - 62. What is v(l)?
7
Let u(o) = -o**3 + 12*o**2 - 51*o + 162. Let v be u(8). Let c(s) = -s + 13. Calculate c(v).
3
Suppose 0 = -32*m + 30*m + 2*x - 30, 0 = -4*m - 4*x - 100. Let a(j) = 21*j**2 + 46*j - 27*j + j**3 - 10 - 5. What is a(m)?
5
Let o(l) = 66*l**2 - 7*l + 6. Let t be o(-3). Let h = -624 + t. Let z(n) = 2*n + 7. Give z(h).
1
Let d(a) = -6*a**2 - 17*a + 3. Let f(o) = 5*o**2 + 16*o - 4. Let j(q) = 4*d(q) + 5*f(q). Let i = -4055 - -4042. Calculate j(i).
5
Let k be 54/(-72) - 10/(320/(-216)). Let n(z) = -2*z**2 + 16*z - 14. What is n(k)?
10
Let b(z) = -z**3 + 4*z**2 + 7. Let v = 316 - 293. Suppose -2*s = -5*j + 7, -3*s + v*j = 26*j - 21. Determine b(s).
7
Let y(b) = -5*b**2 - b**3 - 1 + 1 + 0*b - 2*b. Suppose -20*p - 48 = 21 - 29. Give y(p).
-8
Suppose 0*k + 3 = -3*k, 3*s - k - 7 = 0. Let l(g) = 2 + 2 - s*g - 6 - 8. Calculate l(-8).
6
Let p(n) = 6*n**2 - 9*n - 19. Let f(t) = 7*t**2 - 13*t - 22. Let y(h) = -5*f(h) + 6*p(h). Determine y(-10).
-14
Let y be (1 - (-5)/(-4))/(98/4312). Let q(t) = t**3 + 12*t**2 + 7*t - 50. Determine q(y).
-6
Let d(z) be the third derivative of z**7/2520 - z**5/120 + z**4/3 + 17*z**2. Let k(u) be the second derivative of d(u). Let q = 27 - 28. What is k(q)?
0
Let h(s) = s**3 + 84. Suppose -3*j + 24 = -5*u + 6, -4*j = u - 24. Give h(u).
84
Let p(t) = -6 - 2 + 0*t - 3 + 2*t + 4. Determine p(-3).
-13
Let c(k) = -3*k + 1. Let x(y) = -y + 4. Let r(i) = -5*i - 21. Let n(v) = -r(v) - 4*x(v). Let s(m) = -4*c(m) - n(m). Determine s(7).
12
Let c(x) = -5*x**2 - 3*x - 1. Let q(z) = -14*z**2 - 8*z - 4. Let k(v) = -17*c(v) + 6*q(v). Suppose -a = -9*w + 11*w + 7, 3*w = 3*a - 24. Determine k(w).
3
Let o = -8061 + 8075. Let t(q) = -q**2 + 12*q + 34. Give t(o).
6
Suppose 45 + 53 = 14*k. Let u(o) = 1 + k*o + 0 - 2 - 3. Let x(z) = -8*z + 4. Let p(d) = -7*u(d) - 6*x(d). Give p(8).
-4
Let t(n) = n**2 + 15*n + 8. Suppose 3*j + 1728 = 1683. Calculate t(j).
8
Let g(a) = a**3 + 12*a**2 + 14. Let f be ((-43)/(-129))/(145/(-36) - -4). What is g(f)?
14
Let j be (27/(-54))/(((-10)/(-28))/(-5)). Let h(q) = -j*q**2 + 3*q**2 + 1164 + q**3 - 1163 - 5*q. Determine h(4).
-19
Let c(i) = -713 + 762 - 37*i + 27*i. Determine c(6).
-11
Let b be ((6 + -6)/4)/(-1 - 0). Suppose 5*n - 7*n + 26 = b. Let o(h) = 2 - n*h - 18*h + 35*h. Give o(-2).
-6
Let k = -93 - -31. Let i be (-56 - k)/((-3)/(-2)). Let a(x) be the second derivative of -x**3/3 + x. Calculate a(i).
-8
Suppose 13*i + 8 = 13 + 47. Let k(g) = g**3 - 8*g**2 - 7*g + 9. What is k(i)?
-83
Let k(h) = 42*h + 9. Let a be k(3). Suppose -5*f + a = -5*d, 2*d + 66 = -0*d - f. Let v = 31 + d. Let g(i) = i + 14. Calculate g(v).
14
Let u(z) = 5*z + 2. Suppose 2*h - 4 = -2*r - 6, -4*h + 3*r = 18. Let t be (-4 - -1)*(-1)/h. What is u(t)?
-3
Let c be -3 + 4 + (16/(-2) - (-47 - -45)). Let q(z) = -2*z**2 + 67*z + 389. Calculate q(c).
4
Let s(y) = y**2 + 11*y + 7. Suppose o = 5, -30 = -c + o + o. Let n = -37 + c. Suppose 7 - 34 = n*p. Calculate s(p).
-11
Let s(i) = -11*i + 5. Let h(u) = -37*u + 16. Let f(p) = 5*h(p) - 17*s(p). Give f(13).
21
Let u(x) be the second derivative of -x**4/12 - 2*x**3 - 7*x**2/2 + 108*x - 9. Give u(-13).
-20
Let o(q) = -25*q**2 + 2*q - 26. Let m(w) = -9*w**2 + w - 9. Let u(v) = 11*m(v) - 4*o(v). Let k(d) = 4*d + 46. Let l be k(-12). Calculate u(l).
3
Let a(c) = 336*c + 346*c + 333*c - 1004*c + 58. Determine a(-5).
3
Let h be (-56)/(-84)*(7 + -4 + 234/(-80)). Let s(v) be the second derivative of 0 + h*v**5 - 2*v + 0*v**4 - 1/6*v**3 - 7/2*v**2. Calculate s(0).
-7
Let d(b) = -2*b**2 - b + 5. Suppose 17*w + f + 3 = 22*w, f = -2*w - 3. Give d(w).
5
Let m(k) be the third derivative of k**6/120 + k**5/10 - k**3/2 + k**2. Suppose 5*l - 4*o = -6, -3*o - 262 + 244 = 0. Determine m(l).
-3
Let c(l) be the first derivative of 104 - 3*l + 1/2*l**2. Let x be (-18)/(-4)*4/3. Determine c(x).
3
Let h be ((-4)/(-16)*8)/((-2)/196). Let s = h + 188. Let f(j) = j**2 + 11*j + 3. Give f(s).
-21
Let o = 7 - 16. Let v(k) = 2*k - 20. Let z be v(7). Let g(x) = 17*x - 10. Let i(l) = -3*l. Let m(h) = z*i(h) - g(h). What is m(o)?
1
Let g be 8*(-5)/(-15)*57/(-38). Let p(n) = 2 + 2*n - 2 + 5*n**2 - 1 + 0 + n**3. What is p(g)?
7
Let c(v) = v**3 + 4*v**2 + 2*v + 2. Let z(x) = 7*x**3 + 27*x**2 + 16*x + 19. Let u(k) = 6*c(k) - z(k). What is u(-3)?
5
Let y(a) = -a**2 - 7*a - 2. Suppose 9*x - 10 = 17. Let m(h) = 2*h + 1. Let l be m(x). Let n = l + -13. Calculate y(n).
4
Let o(m) = -2*m**2 - 31*m - 52. Suppose 0 = -3*f - 20*v + 21*v - 45, 5*v - 15 = 0. Determine o(f).
-10
Let c(q) = q**3 - 4*q**2 - 6*q + 12. Let s(x) = -x**3 - 2*x**2 + 61*x - 13. Let t be s(-9). What is c(t)?
7
Let y(h) = -17*h**3 + 32*h + 21. Let w(i) = -47*i**3 + 2*i**2 + 96*i + 62. Let v(z) = -4*w(z) + 11*y(z). Give v(11).
-6
Suppose -r + 4*v + 3 = 0, 5*v - v - 32 = -4*r. Let m(a) = a**3 - 9*a**2 + 16*a - 16. Determine m(r).
-2
Let s(m) = 37*m + 3. Suppose 3*r + 3*l = 12, 28*r + 1 = 32*r + l. Calculate s(r).
-34
Let z = -20531 - -20521. Let j(y) = 2*y**2 + 25*y + 30. What is j(z)?
-20
Let i(t) = -55*t - 13. Let v be ((-4)/(-5) - (48/(-40))/1) + -1. What is i(v)?
-68
Let y(k) = -k**2 - 5*k - 3. Suppose -2*p + 8 + 1 = f, -f = 4*p - 17. Suppose p*r = -0*r - 20, 2*w = r - 1. Calculate y(w).
3
Let t(n) be the first derivative of n**3/6 - 3*n**2 - 95*n + 62. Let s(k) be the first derivative of t(k). Determine s(8).
2
Let i(r) = 19*r - 644. Let p be i(34). Let z(l) be the second derivative of -5/6*l**3 - 1/20*l**5 + 0 - 20*l - 7/12*l**4 + 2*l**p. Determine z(-6).
-2
Let y(l) be the second derivative of l**3/6 + 2*l**2 + 4506*l. Let u = -6 - -4. What is y(u)?
2
Let x(w) = -w**3 - 24*w**2 - 21*w + 56. Let c(t) = 201*t + 580. Let f be c(-3). Calculate x(f).
10
Let b(m) be the second derivative of m**4/12 + m**3/6 - 10*m**2 + 62*m + 9. Calculate b(6).
22
Let n = 10099/7 + -60587/42. Let b(g) be the second derivative of n*g**3 + 31*g + 0 + 7/2*g**2. Determine b(-3).
4
Suppose -5*s + 840 = -5*r + 30, 5*s - r - 826 = 0. Let o = 158 - s. Let w(h) = h**3 + 8*h**2 - 3*h - 18. What is w(o)?
6
Let g(f) = -14*f + 2*f**3 + 65702*f**2 + 4 - 65714*f**2 - 3*f**3. Let s be 22/(-6*9/27). Give g(s).
37
Let p(q) = 1. Let x(r) = r + 8. Let j(z) = -p(z) - x(z). Let n(y) = y**3 - 9*y**2 + 15*y - 11. Let a = -73 - -80. Let m be n(a). Give j(m).
-5
Let j(q) = -q + 2. Let r(n) = 11. Let s(d) = -2*j(d) + r(d). What is s(-5)?
-3
Let r(z) = -6 + 8565385*z - 4282695*z - 4282697*z. Let b(n) = -2*n**2 + 3*n - 2. Let i be b(2). Give r(i).
22
Let l be 413/35 - 140/50. Let j(u) = -u + 9. Determine j(l).
0
Let u(l) = 11*l - 1. Let g(m) = 2*m**2 - 58*m + 59. Let k be (-672)/16*1/((-6)/4). Let b be g(k). Give u(b).
32
Suppose 342*f - 346*f = -1464. Let h = f + -362. Let w(j) = -10*j + 6. Calculate w(h).
-34
Let l(x) = -13*x + 2. Let h(j) = j**3 - 5*j**2 - 16*j + 16. Let q = 169 - 162. Let b be h(q). Calculate l(b).
-24
Suppose 20 = 6*r + 50. Let x(h) be the second derivative of -3*h**2 + 10*h + 0 - 1/2*h**3. Calculate x(r).
9
Let f(o) be the first derivative of -7*o**2/2 - 2*o - 2. Suppose -7*k - 25*k + 2 - 66 = 0. Calculate f(k).
12
Let j(q) = 2*q - 10. Let t be (8 + (-1380)/105)/((-2)/98). Let a be t/24*10/15. Give j(a).
4
Suppose -3*w - 9 = 0, 1 + 3 = 5*n - 3*w. Let o(p) be the first derivative of -1/3*p**3 - 9/4*p**4 + 0*p**2 + 0*p + 4. Calculate o(n).
8
Let y(b) = -b**3 + 7*b**2 - 11*b - 5. Suppose -4*p + 23 + 7 = 2*g, -g = 3*p - 20. What is y(g)?
-10
Let s(n) be the second derivative of -17*n**3/6 - 9*n**2/2 - 6594*n. Determine s(-3).
42
Let g(f) = f**2 - 15*f + 51. Let a = -32586 - -32598. What is g(a)?
15
Suppose 12*q - 48 = -288. Let v(x) = -6*x - 116. Calculate v(q).
4
Let x(c) = c**2 - 17*c + 15. Let b = 313 - 97. Suppose 88 = 19*t - b. Determine x(t).
-1
Let l(a) be the third derivative of a**5/60 + a**4/8 + 5*a**3/6 - 362*a**2. Let q = 7 + -12. Calculate l(q).
15
Let y(w) = 2*w**2 + 26*w - 1214. Let k be y(19). Let t(r) = -2 + 3*r - 3*r